{"id":22,"date":"2020-01-01T11:07:07","date_gmt":"2020-01-01T14:07:07","guid":{"rendered":"http:\/\/www.goldenmusic.cl\/i\/?page_id=22"},"modified":"2024-03-28T16:36:56","modified_gmt":"2024-03-28T19:36:56","slug":"donde-estamos","status":"publish","type":"page","link":"http:\/\/www.goldenmusic.cl\/i\/donde-estamos\/","title":{"rendered":"\u00bfD\u00f3nde Estamos?"},"content":{"rendered":"<p style=\"text-align: center;\"><img decoding=\"async\" loading=\"lazy\" class=\"aligncenter\" style=\"border: 0px;\" src=\"http:\/\/i.imgur.com\/fdVh4Pq.gif\" alt=\"Create your own banner at mybannermaker.com!\" width=\"728\" height=\"200\" border=\"0\" \/><\/p>\n<h1 style=\"text-align: center;\"><strong><span style=\"color: #ff0000;\">Ven y Con\u00f3cenos, nos encontramos en<\/span><\/strong><\/h1>\n<h1 style=\"text-align: center;\"><strong><span style=\"color: #ff0000;\">Avda. Irarr\u00e1zaval 1951, \u00d1u\u00f1oa, Santiago, Chile.<\/span><\/strong><\/h1>\n<h1 style=\"text-align: center;\"><strong><span style=\"color: #ff0000;\">Cont\u00e1ctanos al (2) 2752 1717.-<\/span><\/strong><\/h1>\n<h2 style=\"text-align: center;\"><span style=\"color: #0000ff;\">CELULAR +569 34883176<\/span><\/h2>\n<blockquote>\n<h3 style=\"text-align: center;\"><span style=\"color: #339966;\">Por Av. Irarr\u00e1zaval (Vereda Sur ), entre Calles :<\/span><\/h3>\n<h3 style=\"text-align: center;\"><span style=\"color: #339966;\">Carmen Covarrubias y Campos de Deportes<\/span><\/h3>\n<h3 style=\"text-align: center;\"><span style=\"color: #339966;\">Metro L\u00ednea 3 &#8211; Estaci\u00f3n : Monse\u00f1or Eyzaguirre<\/span><\/h3>\n<p><a href=\"https:\/\/goo.gl\/maps\/cX1jcoWhVxD2\"><img decoding=\"async\" loading=\"lazy\" class=\"aligncenter wp-image-3809 size-full\" src=\"http:\/\/www.goldenmusic.cl\/i\/wp-content\/uploads\/2011\/03\/MAPA-GOLDEN-MUSIC.png\" alt=\"MAPA GOLDEN MUSIC\" width=\"917\" height=\"862\" srcset=\"http:\/\/www.goldenmusic.cl\/i\/wp-content\/uploads\/2011\/03\/MAPA-GOLDEN-MUSIC.png 917w, http:\/\/www.goldenmusic.cl\/i\/wp-content\/uploads\/2011\/03\/MAPA-GOLDEN-MUSIC-300x282.png 300w, http:\/\/www.goldenmusic.cl\/i\/wp-content\/uploads\/2011\/03\/MAPA-GOLDEN-MUSIC-500x470.png 500w, http:\/\/www.goldenmusic.cl\/i\/wp-content\/uploads\/2011\/03\/MAPA-GOLDEN-MUSIC-200x188.png 200w, http:\/\/www.goldenmusic.cl\/i\/wp-content\/uploads\/2011\/03\/MAPA-GOLDEN-MUSIC-90x84.png 90w\" sizes=\"(max-width: 917px) 100vw, 917px\" \/><\/a><\/p>\n<p><img decoding=\"async\" loading=\"lazy\" class=\"aligncenter\" style=\"border: 0px;\" src=\"http:\/\/i1057.photobucket.com\/albums\/t396\/glitterboo2\/May%202013%20-%202\/376537d9cdad26a4786bf59d605747bc-out_zpsfe763c64.gif\" alt=\"sparkle software\" width=\"300\" height=\"300\" border=\"0\" \/><br \/>\n<img decoding=\"async\" loading=\"lazy\" style=\"border: 0px;\" src=\"http:\/\/i.imgur.com\/GWxV0gn.gif\" alt=\"Create your own banner at mybannermaker.com!\" width=\"728\" height=\"200\" border=\"0\" \/><\/p><\/blockquote>\n","protected":false},"excerpt":{"rendered":"<div class=\"mh-excerpt\"><p>Ven y Con\u00f3cenos, nos encontramos en Avda. Irarr\u00e1zaval 1951, \u00d1u\u00f1oa, Santiago, Chile. Cont\u00e1ctanos al (2) 2752 1717.- CELULAR +569 34883176 Por Av. Irarr\u00e1zaval (Vereda Sur <a class=\"mh-excerpt-more\" href=\"http:\/\/www.goldenmusic.cl\/i\/donde-estamos\/\" title=\"\u00bfD\u00f3nde Estamos?\">[&#8230;]<\/a><\/p>\n<\/div>","protected":false},"author":4,"featured_media":0,"parent":0,"menu_order":0,"comment_status":"closed","ping_status":"closed","template":"","meta":[],"_links":{"self":[{"href":"http:\/\/www.goldenmusic.cl\/i\/wp-json\/wp\/v2\/pages\/22"}],"collection":[{"href":"http:\/\/www.goldenmusic.cl\/i\/wp-json\/wp\/v2\/pages"}],"about":[{"href":"http:\/\/www.goldenmusic.cl\/i\/wp-json\/wp\/v2\/types\/page"}],"author":[{"embeddable":true,"href":"http:\/\/www.goldenmusic.cl\/i\/wp-json\/wp\/v2\/users\/4"}],"replies":[{"embeddable":true,"href":"http:\/\/www.goldenmusic.cl\/i\/wp-json\/wp\/v2\/comments?post=22"}],"version-history":[{"count":14,"href":"http:\/\/www.goldenmusic.cl\/i\/wp-json\/wp\/v2\/pages\/22\/revisions"}],"predecessor-version":[{"id":8930,"href":"http:\/\/www.goldenmusic.cl\/i\/wp-json\/wp\/v2\/pages\/22\/revisions\/8930"}],"wp:attachment":[{"href":"http:\/\/www.goldenmusic.cl\/i\/wp-json\/wp\/v2\/media?parent=22"}],"curies":[{"name":"wp","href":"https:\/\/api.w.org\/{rel}","templated":true}]}}